{"id":532,"date":"2020-04-25T15:20:53","date_gmt":"2020-04-25T15:20:53","guid":{"rendered":"http:\/\/cecodur.org.uy\/web\/?page_id=532"},"modified":"2023-02-22T11:28:05","modified_gmt":"2023-02-22T11:28:05","slug":"bolsa-de-trabajo","status":"publish","type":"page","link":"http:\/\/cecodur.org.uy\/web\/bolsa-de-trabajo\/","title":{"rendered":"Bolsa de Trabajo"},"content":{"rendered":"\t\t<div data-elementor-type=\"wp-page\" data-elementor-id=\"532\" class=\"elementor elementor-532\" data-elementor-post-type=\"page\">\n\t\t\t\t\t\t<section class=\"elementor-section elementor-top-section elementor-element elementor-element-500a614 elementor-section-boxed elementor-section-height-default elementor-section-height-default qodef-elementor-content-no\" data-id=\"500a614\" data-element_type=\"section\" data-e-type=\"section\">\n\t\t\t\t\t\t<div class=\"elementor-container elementor-column-gap-default\">\n\t\t\t\t\t<div class=\"elementor-column elementor-col-100 elementor-top-column elementor-element elementor-element-837e1c7\" data-id=\"837e1c7\" data-element_type=\"column\" data-e-type=\"column\">\n\t\t\t<div class=\"elementor-widget-wrap elementor-element-populated\">\n\t\t\t\t\t\t<div class=\"elementor-element elementor-element-9452f7f elementor-widget elementor-widget-heading\" data-id=\"9452f7f\" data-element_type=\"widget\" data-e-type=\"widget\" data-widget_type=\"heading.default\">\n\t\t\t\t<div class=\"elementor-widget-container\">\n\t\t\t\t\t<h2 class=\"elementor-heading-title elementor-size-default\">Cartelera de ofertas laborales<\/h2>\t\t\t\t<\/div>\n\t\t\t\t<\/div>\n\t\t\t\t\t<\/div>\n\t\t<\/div>\n\t\t\t\t\t<\/div>\n\t\t<\/section>\n\t\t\t\t<section class=\"elementor-section elementor-top-section elementor-element elementor-element-26b1835 elementor-section-boxed elementor-section-height-default elementor-section-height-default qodef-elementor-content-no\" data-id=\"26b1835\" data-element_type=\"section\" data-e-type=\"section\">\n\t\t\t\t\t\t<div class=\"elementor-container elementor-column-gap-default\">\n\t\t\t\t\t<div class=\"elementor-column elementor-col-100 elementor-top-column elementor-element elementor-element-050a26d\" data-id=\"050a26d\" data-element_type=\"column\" data-e-type=\"column\">\n\t\t\t<div class=\"elementor-widget-wrap elementor-element-populated\">\n\t\t\t\t\t\t<div class=\"elementor-element elementor-element-f03bbb5 elementor-widget elementor-widget-wpjmc-jobs\" data-id=\"f03bbb5\" data-element_type=\"widget\" data-e-type=\"widget\" data-widget_type=\"wpjmc-jobs.default\">\n\t\t\t\t<div class=\"elementor-widget-container\">\n\t\t\t\t\t<style>.job_filters .search_submit {display: none !important;} .elementor-element-f03bbb5 .job_filters .job_types {display: none !important;} .elementor-element-f03bbb5.rp4wp-related-job_listing>ul li.job_listing a img.company_logo, .rp4wp-related-job_listing>ul li.no_job_listings_found a img.company_logo, ul.job_listings li.job_listing a img.company_logo, ul.job_listings li.no_job_listings_found a img.company_logo {display: none !important;} .elementor-element-f03bbb5.rp4wp-related-job_listing>ul li.job_listing a div.position .company, .rp4wp-related-job_listing>ul li.no_job_listings_found a div.position .company, ul.job_listings li.job_listing a div.position .company, ul.job_listings li.no_job_listings_found a div.position .company {display: none !important;} .elementor-element-f03bbb5.rp4wp-related-job_listing>ul li.job_listing a div.location, .rp4wp-related-job_listing>ul li.no_job_listings_found a div.location, ul.job_listings li.job_listing a div.location, ul.job_listings li.no_job_listings_found a div.location {display: none !important;} .elementor-element-f03bbb5.rp4wp-related-job_listing>ul li.job_listing a .meta, .rp4wp-related-job_listing>ul li.no_job_listings_found a .meta, ul.job_listings li.job_listing a .meta, ul.job_listings li.no_job_listings_found a .meta {display: none !important;} .elementor-element-f03bbb5 .job_filters .search_jobs input, .elementor-element-f03bbb5 .job_filters .search_jobs select {outline: none}<\/style><div class=\"job_listings\" data-location=\"\" data-keywords=\"\" data-show_filters=\"true\" data-show_pagination=\"false\" data-per_page=\"10\" data-orderby=\"date\" data-order=\"desc\" data-categories=\"\" data-disable-form-state-storage=\"\" data-featured_first=\"false\" data-post_id=\"532\" >\n<form class=\"job_filters\">\n\t\n\t<div class=\"search_jobs\">\n\t\t\n\t\t<div class=\"search_keywords\">\n\t\t\t<label for=\"search_keywords\">Palabras clave<\/label>\n\t\t\t<input type=\"text\" name=\"search_keywords\" id=\"search_keywords\" placeholder=\"Palabras clave\" value=\"\" \/>\n\t\t<\/div>\n\n\t\t<div class=\"search_location\">\n\t\t\t<label for=\"search_location\">Ubicaci\u00f3n<\/label>\n\t\t\t<input type=\"text\" name=\"search_location\" id=\"search_location\" placeholder=\"Ubicaci\u00f3n\" value=\"\" \/>\n\t\t<\/div>\n\n\t\t\t\t\t<div class=\"search_remote_position\">\n\t\t\t\t<input type=\"checkbox\" class=\"input-checkbox\" name=\"remote_position\" id=\"remote_position\" placeholder=\"Ubicaci\u00f3n\" value=\"1\"  \/>\n\t\t\t\t<label for=\"remote_position\" id=\"remote_position_label\">Solo puestos en remoto<\/label>\n\t\t\t<\/div>\n\t\t\n\t\t<div style=\"clear: both\"><\/div>\n\n\t\t\n\t\t\t\t\t<div class=\"search_submit\">\n\t\t\t\t<input type=\"submit\" value=\"Buscar trabajos\">\n\t\t\t<\/div>\n\t\t\n\t\t\t<\/div>\n\n\t\t<ul class=\"job_types\">\n\t\t\t\t\t<li><label for=\"job_type_administrativo\" class=\"administrativo\"><input type=\"checkbox\" name=\"filter_job_type[]\" value=\"administrativo\"  checked='checked' id=\"job_type_administrativo\" \/> Administrativo<\/label><\/li>\n\t\t\t\t\t<li><label for=\"job_type_analista-stock-ventas\" class=\"analista-de-stock-y-ventas\"><input type=\"checkbox\" name=\"filter_job_type[]\" value=\"analista-stock-ventas\"  checked='checked' id=\"job_type_analista-stock-ventas\" \/> Analista de Stock y Ventas<\/label><\/li>\n\t\t\t\t\t<li><label for=\"job_type_analista-logistica\" class=\"analista-en-logistica\"><input type=\"checkbox\" name=\"filter_job_type[]\" value=\"analista-logistica\"  checked='checked' id=\"job_type_analista-logistica\" \/> Analista en Log\u00edstica<\/label><\/li>\n\t\t\t\t\t<li><label for=\"job_type_asesor_coordinador\" class=\"asesor-a-coordinador-a\"><input type=\"checkbox\" name=\"filter_job_type[]\" value=\"asesor_coordinador\"  checked='checked' id=\"job_type_asesor_coordinador\" \/> Asesor\/a coordinador\/a<\/label><\/li>\n\t\t\t\t\t<li><label for=\"job_type_asesor_tecnico\" class=\"asesor-a-tecnico-a\"><input type=\"checkbox\" name=\"filter_job_type[]\" value=\"asesor_tecnico\"  checked='checked' id=\"job_type_asesor_tecnico\" \/> Asesor\/a T\u00e9cnico\/a<\/label><\/li>\n\t\t\t\t\t<li><label for=\"job_type_asistente_ejecutivo\" class=\"asistente-ejecutivo\"><input type=\"checkbox\" name=\"filter_job_type[]\" value=\"asistente_ejecutivo\"  checked='checked' id=\"job_type_asistente_ejecutivo\" \/> Asistente Ejecutivo<\/label><\/li>\n\t\t\t\t\t<li><label for=\"job_type_asistente_odontologico\" class=\"asistente-en-odontologia\"><input type=\"checkbox\" name=\"filter_job_type[]\" value=\"asistente_odontologico\"  checked='checked' id=\"job_type_asistente_odontologico\" \/> Asistente en Odontolog\u00eda<\/label><\/li>\n\t\t\t\t\t<li><label for=\"job_type_atencion_cliente\" class=\"atencion-al-cliente\"><input type=\"checkbox\" name=\"filter_job_type[]\" value=\"atencion_cliente\"  checked='checked' id=\"job_type_atencion_cliente\" \/> Atenci\u00f3n al Cliente<\/label><\/li>\n\t\t\t\t\t<li><label for=\"job_type_limpieza\" class=\"auxiliar-de-limpieza\"><input type=\"checkbox\" name=\"filter_job_type[]\" value=\"limpieza\"  checked='checked' id=\"job_type_limpieza\" \/> Auxiliar de Limpieza<\/label><\/li>\n\t\t\t\t\t<li><label for=\"job_type_auxiliar-ventas\" class=\"auxiliar-de-ventas\"><input type=\"checkbox\" name=\"filter_job_type[]\" value=\"auxiliar-ventas\"  checked='checked' id=\"job_type_auxiliar-ventas\" \/> Auxiliar de Ventas<\/label><\/li>\n\t\t\t\t\t<li><label for=\"job_type_ayudante-mecanico\" class=\"ayudante-de-mecanico\"><input type=\"checkbox\" name=\"filter_job_type[]\" value=\"ayudante-mecanico\"  checked='checked' id=\"job_type_ayudante-mecanico\" \/> Ayudante de Mecanico<\/label><\/li>\n\t\t\t\t\t<li><label for=\"job_type_cadete\" class=\"cadete-administrativo\"><input type=\"checkbox\" name=\"filter_job_type[]\" value=\"cadete\"  checked='checked' id=\"job_type_cadete\" \/> Cadete \/ Administrativo<\/label><\/li>\n\t\t\t\t\t<li><label for=\"job_type_cajero_vendedor\" class=\"cajero-vendedor\"><input type=\"checkbox\" name=\"filter_job_type[]\" value=\"cajero_vendedor\"  checked='checked' id=\"job_type_cajero_vendedor\" \/> Cajero \/ Vendedor<\/label><\/li>\n\t\t\t\t\t<li><label for=\"job_type_idoneo-reparacion-celulares\" class=\"idoneo-en-reparacion-de-celulares\"><input type=\"checkbox\" name=\"filter_job_type[]\" value=\"idoneo-reparacion-celulares\"  checked='checked' id=\"job_type_idoneo-reparacion-celulares\" \/> Id\u00f3neo en Reparaci\u00f3n de Celulares<\/label><\/li>\n\t\t\t\t\t<li><label for=\"job_type_secretaria\" class=\"secretario-a\"><input type=\"checkbox\" name=\"filter_job_type[]\" value=\"secretaria\"  checked='checked' id=\"job_type_secretaria\" \/> Secretario\/a<\/label><\/li>\n\t\t\t\t\t<li><label for=\"job_type_tecnico-telefonia-informatica\" class=\"tecnico-en-telefonia-e-informatica\"><input type=\"checkbox\" name=\"filter_job_type[]\" value=\"tecnico-telefonia-informatica\"  checked='checked' id=\"job_type_tecnico-telefonia-informatica\" \/> T\u00e9cnico en Telefon\u00eda e Inform\u00e1tica<\/label><\/li>\n\t\t\t\t\t<li><label for=\"job_type_telefonista_recepcionista\" class=\"telefonista-recepcionista\"><input type=\"checkbox\" name=\"filter_job_type[]\" value=\"telefonista_recepcionista\"  checked='checked' id=\"job_type_telefonista_recepcionista\" \/> Telefonista \/ Recepcionista<\/label><\/li>\n\t\t\t\t\t<li><label for=\"job_type_ventas\" class=\"vendedor-a\"><input type=\"checkbox\" name=\"filter_job_type[]\" value=\"ventas\"  checked='checked' id=\"job_type_ventas\" \/> Vendedor\/a<\/label><\/li>\n\t\t\t<\/ul>\n\t<input type=\"hidden\" name=\"filter_job_type[]\" value=\"\" \/>\n<div class=\"showing_jobs\"><\/div><\/form>\n\n\n<noscript>Tu navegador no es compatible con JavaScript o est\u00e1 desactivado. JavaScript debe estar activado para poder ver las ofertas.<\/noscript>\n<ul class=\"job_listings\">\n<\/ul>\n<a class=\"load_more_jobs\" href=\"#\" style=\"display:none;\"><strong>Cargar m\u00e1s ofertas<\/strong><\/a><\/div>\t\t\t\t<\/div>\n\t\t\t\t<\/div>\n\t\t\t\t\t<\/div>\n\t\t<\/div>\n\t\t\t\t\t<\/div>\n\t\t<\/section>\n\t\t\t\t<\/div>\n\t\t","protected":false},"excerpt":{"rendered":"<p>Cartelera de ofertas laborales Palabras clave Ubicaci\u00f3n Solo puestos en remoto Administrativo Analista de Stock y Ventas Analista en Log\u00edstica Asesor\/a coordinador\/a Asesor\/a T\u00e9cnico\/a Asistente Ejecutivo Asistente en Odontolog\u00eda Atenci\u00f3n [&hellip;]<\/p>\n","protected":false},"author":2,"featured_media":0,"parent":0,"menu_order":0,"comment_status":"closed","ping_status":"closed","template":"full_width.php","meta":{"_monsterinsights_skip_tracking":false,"_monsterinsights_sitenote_active":false,"_monsterinsights_sitenote_note":"","_monsterinsights_sitenote_category":0,"footnotes":""},"class_list":["post-532","page","type-page","status-publish","hentry"],"_links":{"self":[{"href":"http:\/\/cecodur.org.uy\/web\/wp-json\/wp\/v2\/pages\/532","targetHints":{"allow":["GET"]}}],"collection":[{"href":"http:\/\/cecodur.org.uy\/web\/wp-json\/wp\/v2\/pages"}],"about":[{"href":"http:\/\/cecodur.org.uy\/web\/wp-json\/wp\/v2\/types\/page"}],"author":[{"embeddable":true,"href":"http:\/\/cecodur.org.uy\/web\/wp-json\/wp\/v2\/users\/2"}],"replies":[{"embeddable":true,"href":"http:\/\/cecodur.org.uy\/web\/wp-json\/wp\/v2\/comments?post=532"}],"version-history":[{"count":22,"href":"http:\/\/cecodur.org.uy\/web\/wp-json\/wp\/v2\/pages\/532\/revisions"}],"predecessor-version":[{"id":2042,"href":"http:\/\/cecodur.org.uy\/web\/wp-json\/wp\/v2\/pages\/532\/revisions\/2042"}],"wp:attachment":[{"href":"http:\/\/cecodur.org.uy\/web\/wp-json\/wp\/v2\/media?parent=532"}],"curies":[{"name":"wp","href":"https:\/\/api.w.org\/{rel}","templated":true}]}}