{"id":2179,"date":"2024-10-30T01:49:03","date_gmt":"2024-10-30T01:49:03","guid":{"rendered":"http:\/\/cecodur.org.uy\/web\/?post_type=tribe_events&#038;p=2179"},"modified":"2024-10-30T01:49:03","modified_gmt":"2024-10-30T01:49:03","slug":"simposio-turismo-durazno","status":"publish","type":"tribe_events","link":"http:\/\/cecodur.org.uy\/web\/evento\/simposio-turismo-durazno\/","title":{"rendered":"Reinventando el Turismo en Durazno"},"content":{"rendered":"<p>\u00a1Te invitamos a crear juntos el futuro del turismo en nuestra ciudad!<\/p>\n<p>Si ten\u00e9s un emprendimiento tur\u00edstico, gastron\u00f3mico, un alojamiento, sos artesano, creas eventos deportivos, culturales o sociales, o si simplemente te apasiona el mundo del turismo \u00a0\u00a1\u00a1este evento es para vos!!<\/p>\n<p>No importa si ya ten\u00e9s experiencia o si reci\u00e9n est\u00e1s empezando a so\u00f1ar con tu proyecto: ven\u00ed a conectar, inspirarte y explorar nuevas ideas con nosotros. Este evento es abierto a todo p\u00fablico y ser\u00e1 el espacio ideal para innovar juntos, compartir conocimientos y construir el futuro del turismo en nuestra regi\u00f3n.<\/p>\n<p>\u00a1Sumate y s\u00e9 parte de esta transformaci\u00f3n! Te esperamos.<\/p>\n","protected":false},"excerpt":{"rendered":"<p>\u00a1Te invitamos a crear juntos el futuro del turismo en nuestra ciudad! Si ten\u00e9s un emprendimiento tur\u00edstico, gastron\u00f3mico, un alojamiento, sos artesano, creas eventos deportivos, culturales o sociales, o si [&hellip;]<\/p>\n","protected":false},"author":7,"featured_media":2146,"template":"","meta":{"_monsterinsights_skip_tracking":false,"_monsterinsights_sitenote_active":false,"_monsterinsights_sitenote_note":"","_monsterinsights_sitenote_category":0,"_tribe_events_status":"","_tribe_events_status_reason":"","footnotes":""},"tags":[42,40,31,35,49,48],"tribe_events_cat":[23,21,22],"class_list":["post-2179","tribe_events","type-tribe_events","status-publish","has-post-thumbnail","hentry","tag-capacitacion","tag-educacion","tag-emprendedores","tag-pymes","tag-seminarios","tag-union-europea","tribe_events_cat-capacitacion","tribe_events_cat-conferencias","tribe_events_cat-cursos","cat_capacitacion","cat_conferencias","cat_cursos"],"_links":{"self":[{"href":"http:\/\/cecodur.org.uy\/web\/wp-json\/wp\/v2\/tribe_events\/2179","targetHints":{"allow":["GET"]}}],"collection":[{"href":"http:\/\/cecodur.org.uy\/web\/wp-json\/wp\/v2\/tribe_events"}],"about":[{"href":"http:\/\/cecodur.org.uy\/web\/wp-json\/wp\/v2\/types\/tribe_events"}],"author":[{"embeddable":true,"href":"http:\/\/cecodur.org.uy\/web\/wp-json\/wp\/v2\/users\/7"}],"version-history":[{"count":1,"href":"http:\/\/cecodur.org.uy\/web\/wp-json\/wp\/v2\/tribe_events\/2179\/revisions"}],"predecessor-version":[{"id":2180,"href":"http:\/\/cecodur.org.uy\/web\/wp-json\/wp\/v2\/tribe_events\/2179\/revisions\/2180"}],"wp:featuredmedia":[{"embeddable":true,"href":"http:\/\/cecodur.org.uy\/web\/wp-json\/wp\/v2\/media\/2146"}],"wp:attachment":[{"href":"http:\/\/cecodur.org.uy\/web\/wp-json\/wp\/v2\/media?parent=2179"}],"wp:term":[{"taxonomy":"post_tag","embeddable":true,"href":"http:\/\/cecodur.org.uy\/web\/wp-json\/wp\/v2\/tags?post=2179"},{"taxonomy":"tribe_events_cat","embeddable":true,"href":"http:\/\/cecodur.org.uy\/web\/wp-json\/wp\/v2\/tribe_events_cat?post=2179"}],"curies":[{"name":"wp","href":"https:\/\/api.w.org\/{rel}","templated":true}]}}

<p>¡Te invitamos a crear juntos el futuro del turismo en nuestra ciudad!</p>
<p>Si tenés un emprendimiento turístico, gastronómico, un alojamiento, sos artesano, creas eventos deportivos, culturales o sociales, o si simplemente te apasiona el mundo del turismo  ¡¡este evento es para vos!!</p>
<p>No importa si ya tenés experiencia o si recién estás empezando a soñar con tu proyecto: vení a conectar, inspirarte y explorar nuevas ideas con nosotros. Este evento es abierto a todo público y será el espacio ideal para innovar juntos, compartir conocimientos y construir el futuro del turismo en nuestra región.</p>
<p>¡Sumate y sé parte de esta transformación! Te esperamos.</p>

<p>¡Te invitamos a crear juntos el futuro del turismo en nuestra ciudad! Si tenés un emprendimiento turístico, gastronómico, un alojamiento, sos artesano, creas eventos deportivos, culturales o sociales, o si [&hellip;]</p>
